0303112 (base 4) to base 13.
49203
What is 23ddcd (base 14) in base 9?
2273245
What is 105153 (base 11) in base 15?
34b25
Convert 3e987e (base 16) to base 11.
2352107
What is 42325526 (base 7) in base 5?
1404233143
Convert 101010110000111010 (base 2) to base 12.
8544a
20122120000 (base 3) to base 8
377520
What is 21101112212 (base 3) in base 15?
2d182
-1202002244 (base 5) to base 7
-32336664
-11801259 (base 10) to base 9
-24176250
22200011 (base 3) to base 9
8604
Convert 1011011112 (base 3) to base 11.
16086
What is -13132102003 (base 4) in base 3?
-10200112022011
100111101011110010 (base 2) to base 15
33266
What is 7a374 (base 12) in base 11?
101479
Convert 333304000 (base 5) to base 10.
1463000
Convert 1114420 (base 6) to base 7.
324306
Convert -21130020100 (base 4) to base 10.
-2474512
What is 22223310 (base 5) in base 7?
1442561
Convert -c726e (base 16) to base 7.
-6635132
What is -32160436 (base 8) in base 16?
-68e11e
1447682 (base 11) to base 7
30055221
Convert 22 (base 5) to base 14.
c
Convert 179ad2 (base 15) to base 10.
1146572
What is 100403212 (base 6) in base 11?
a69922
What is 10011010000001001 (base 2) in base 10?
78857
What is 4355062 (base 7) in base 12?
219591
21302023022 (base 4) to base 11
14a1a86
Convert 110011100111111110101 (base 2) to base 12.
696b59
-2215514 (base 9) to base 11
-7442a7
151553 (base 7) to base 12
15052
Convert -5d85 (base 16) to base 9.
-35751
What is -6148a (base 11) in base 12?
-43b3b
What is 26e7a7 (base 16) in base 12?
a2b607
Convert 1433342 (base 7) to base 9.
324122
-3123011 (base 6) to base 15
-2eb11
What is -1001112102211 (base 3) in base 8?
-2110761
-614a (base 15) to base 8
-50101
-277472 (base 8) to base 14
-27a78
What is -5006 (base 7) in base 4?
-122321
Convert -34c7a3 (base 13) to base 12.
-5068a3
Convert 2011020022202 (base 3) to base 2.
100010111110101110000
What is 24333433 (base 5) in base 15?
48463
What is -52c727 (base 13) in base 16?
-1d9eaf
-165504 (base 9) to base 13
-37843
What is 3b1223 (base 14) in base 9?
3747244
What is 23126655 (base 7) in base 15?
29eaa9
865636 (base 9) to base 3
222012201020
Convert -2b24a1 (base 13) to base 14.
-1d9022
Convert 21300010232 (base 4) to base 8.
11600456
What is 832417 (base 9) in base 5?
111300443
101100100000000101 (base 2) to base 16
2c805
-b821 (base 12) to base 13
-9259
-9c0248 (base 13) to base 4
-32003212133
Convert -4546124 (base 7) to base 8.
-2122130
-303f (base 16) to base 7
-51003
What is 1ce39 (base 15) in base 2?
10111000001111001
What is -1011b3 (base 14) in base 11?
-33a447
Convert -103112221202 (base 4) to base 15.
-6a33db
What is 2a3282b (base 13) in base 15?
12ac85e
Convert 2300451 (base 7) to base 4.
1011303333
Convert 10203775 (base 10) to base 9.
21171847
What is 22010330 (base 5) in base 9?
316157
Convert 12110021112111 (base 3) to base 7.
33432406
1101010101111000 (base 2) to base 8
152570
What is -32100020320 (base 4) in base 12?
-1302134
What is -5747270 (base 8) in base 4?
-11330322320
Convert 200111213 (base 4) to base 6.
2501115
What is 5483648 (base 9) in base 3?
12112210201122
What is -1687649 (base 10) in base 8?
-6340141
Convert 29dcd (base 14) to base 6.
2122401
-3c48ca (base 13) to base 16
-166225
Convert -1000010000000100000101110 (base 2) to base 15.
-17bbed3
Convert -14dcd1 (base 15) to base 13.
-294142
Convert -15538b (base 16) to base 4.
-11111032023
Convert 4362010 (base 8) to base 9.
2176314
198a763 (base 11) to base 16
332736
-15202545 (base 7) to base 5
-332240431
What is 343906 (base 10) in base 8?
1237542
What is e344aa (base 15) in base 10?
10797685
-11730833 (base 9) to base 7
-66600231
-2725264 (base 8) to base 9
-1384741
Convert -1817b10 (base 13) to base 12.
-2762905
-a689 (base 15) to base 8
-104635
Convert -232223230 (base 5) to base 4.
-10001201133
Convert -135822 (base 9) to base 10.
-83045
What is 8c933 (base 15) in base 14?
b9177
What is 15451157 (base 9) in base 5?
3433210122
What is 21421000 (base 5) in base 14?
4b99c
What is 211031230102 (base 4) in base 15?
cca75a
-205535 (base 8) to base 12
-33739
What is -200111002101002 (base 3) in base 15?
-ce0a32
24451132 (base 6) to base 13
21601a
Convert 2b24327 (base 13) to base 6.
1211512431
Convert 10640662 (base 7) to base 9.
1673581
10416120 (base 7) to base 8
3324475
Convert -1011001110000110111011 (base 2) to base 13.
-7bca74
Convert b78829 (base 12) to base 8.
13032641
Convert -1001111001101100110 (base 2) to base 8.
-1171546
What is 13021 (base 9) in base 11?
6650
What is -152352 (base 9) in base 5?
-10443402
Convert -5fa85 (base 16) to base 14.
-a2b09
What is -152235221 (base 6) in base 8?
-14134575
Convert -7767a (base 16) to base 9.
-824804
What is -17620074 (base 8) in base 15?
-56abb5
Convert 41123130 (base 5) to base 2.
1010001010001110011
What is 601456 (base 7) in base 14?
28d66
What is 8593bc (base 14) in base 13?
c23539
Convert -4421623 (base 10) to base 12.
-1592987
What is 54665 (base 8) in base 11?
16288
120907 (base 16) to base 8
4404407
What is 2102001111 (base 3) in base 5?
3004200
-785424 (base 9) to base 13
-135b02
What is -10101222130 (base 4) in base 7?
-12346000
6155640 (base 9) to base 15
44d37c
What is 110100221123 (base 4) in base 3?
100222211102012
Convert -291b1b (base 14) to base 7.
-15060234
Convert 286443 (base 9) to base 15.
36e33
Convert -130348 (base 11) to base 14.
-54bc9
What is 123b8 (base 12) in base 7?
132125
-401415240 (base 6) to base 4
-121323311220
111041321 (base 5) to base 3
220202011020
What is 4dd4 (base 16) in base 2?
100110111010100
Convert -4984ba (base 15) to base 10.
-3521200
What is 22100210201 (base 3) in base 6?
3310031
Convert 121152345 (base 6) to base 14.
43c78d
-113034402 (base 5) to base 12
-20b9b2
What is -33c87 (base 14) in base 8?
-365777
Convert -353511352 (base 6) to base 7.
-110155313
Convert a7515 (base 11) to base 7.
1220553
What is 42553 (base 12) in base 6?
1511343
Convert -111061 (base 10) to base 7.
-641536
What is -12d785 (base 14) in base 13?
-19a8ba
What is -35977 (base 11) in base 3?
-2121222201
What is -66435 (base 8) in base 14?
-a273
What is -30c280 (base 15) in base 11?
-134449a
445377 (base 8) to base 15
2e7d1
10022020 (base 8) to base 2
1000000010010000010000
What is -6188602 (base 10) in base 5?
-3041013402
What is -405305 (base 9) in base 13?
-85385
What is 5406c (base 13) in base 14?
3d3c7
146037 (base 9) to base 16
15e65
146dcf (base 16) to base 14
26bcab
What is -1b3a28 (base 13) in base 10?
-693779
Convert 24201121 (base 8) to base 4.
110100021101
4159a48 (base 11) to base 13
169a0bc
43f42b (base 16) to base 2
10000111111010000101011
Convert 1005115 (base 7) to base 2.
11101001010000001
Convert 2222330211 (base 4) to base 15.
dc6ec
9ab70 (base 15) to base 3
220222211120
Convert 2725251 (base 10) to base 16.
299583
What is 11110000221 (base 3) in base 4?
111113101
-4311034 (base 5) to base 11
-4a640
Convert 50593 (base 10) to base 6.
1030121
1010111010010001110 (base 2) to base 3
200011102102
Convert 32b32 (base 13) to base 16.
16749
What is -b8027 (base 12) in base 13?
-86188
-7b326 (base 12) to base 6
-3310050
-1861872 (base 11) to base 12
-107b041
What is 8524a8 (base 15) in base 11?
363830a
Convert 19c7a1d (base 14) to base 7.
214145536
What is -10101011100011110011101 (base 2) in base 15?
-760a26
What is 701225 (base 9) in base 16?
65231
Convert -2118 (base 11) to base 13.
-1377
Convert -73623 (base 14) to base 16.
-43f4f
-6b3b14 (base 13) to base 12
-a2bb10
-31503453 (base 6) to base 15
-134649
26024743 (base 9) to base 12
433a910
What is -124523 (base 10) in base 3?
-20022210222
103313200 (base 4) to base 8
236740
Convert -1565533 (base 12) to base 3.
-22012201020010
What is 3243512 (base 6) in base 16?
27704
Convert -2212333201 (base 4) to base 6.
-22354401
What is -332542534 (base 6) in base 10?
-6016666
Convert 141020 (base 10) to base 5.
14003040
1000000010110111001 (base 2) to base 3
111101121022
Convert -2036531 (base 8) to base 6.
-15323545
62 (base 14) to base 2
1010110
29408 (base 10) to base 13
10502
Convert -184822 (base 12) to base 5.
-102012220
36b88 (base 12) to base 5
4334024
What is -1196492 (base 10) in base 8?
-4440714
Convert a53036 (base 13) to base 14.
7277d9
Convert -101001122011101 (base 3) to base 7.
-63305524
What 